{"id":499,"date":"2023-02-07T13:03:04","date_gmt":"2023-02-07T11:03:04","guid":{"rendered":"https:\/\/sv-eichenbarleben.de\/?page_id=499"},"modified":"2023-02-07T13:38:36","modified_gmt":"2023-02-07T11:38:36","slug":"2021-2","status":"publish","type":"page","link":"https:\/\/sv-eichenbarleben.de\/?page_id=499","title":{"rendered":"2021"},"content":{"rendered":"<p>24.11.2021 Gem\u00e4\u00df der aktuellen Lage gilt <strong>ab sofort<\/strong> auf dem gesamten Sch\u00fctzenplatz 2G.<\/p>\r\n<hr \/>\r\n<p>24.11.2021 Am 04.12.2021 l\u00e4dt der Kreissch\u00fctzenverband zum traditionellen <a href=\"http:\/\/sv-eichenbarleben.de\/wp-content\/uploads\/2021\/11\/Aushang.pdf\" target=\"_blank\" rel=\"noopener\">Barabaraschie\u00dfen<\/a>. Unsere B\u00f6llersch\u00fctzen freuen sich \u00fcber viele Zuschauer.<\/p>\r\n<hr \/>\r\n<p>07.10.2021 Neue Ausschreibungen zu den Vereinsmeisterschaften 2022 und dem Pokalschie\u00dfen 2021 findet Ihr ab sofort unter der Rubrik &#8222;<a href=\"https:\/\/sv-eichenbarleben.de\/?page_id=133\">Sport-&gt;Ausschreibungen<\/a>&#8222;.<\/p>\r\n<hr \/>\r\n<p>05.09.2021<\/p>\r\n<figure id=\"attachment_320\" aria-describedby=\"caption-attachment-320\" style=\"width: 206px\" class=\"wp-caption alignnone\"><img loading=\"lazy\" decoding=\"async\" class=\"wp-image-320 size-medium\" src=\"http:\/\/sv-eichenbarleben.de\/wp-content\/uploads\/2021\/09\/2A207E01-5D9E-4A02-A42E-9D53D0865A77-206x300.jpeg\" alt=\"\" width=\"206\" height=\"300\" srcset=\"https:\/\/sv-eichenbarleben.de\/wp-content\/uploads\/2021\/09\/2A207E01-5D9E-4A02-A42E-9D53D0865A77-206x300.jpeg 206w, https:\/\/sv-eichenbarleben.de\/wp-content\/uploads\/2021\/09\/2A207E01-5D9E-4A02-A42E-9D53D0865A77-702x1024.jpeg 702w, https:\/\/sv-eichenbarleben.de\/wp-content\/uploads\/2021\/09\/2A207E01-5D9E-4A02-A42E-9D53D0865A77-768x1120.jpeg 768w, https:\/\/sv-eichenbarleben.de\/wp-content\/uploads\/2021\/09\/2A207E01-5D9E-4A02-A42E-9D53D0865A77-1053x1536.jpeg 1053w, https:\/\/sv-eichenbarleben.de\/wp-content\/uploads\/2021\/09\/2A207E01-5D9E-4A02-A42E-9D53D0865A77.jpeg 1097w\" sizes=\"auto, (max-width: 206px) 100vw, 206px\" \/><figcaption id=\"caption-attachment-320\" class=\"wp-caption-text\">Deutsche Meisterschaften 2021 Sch\u00fclerinnen (c)sve<\/figcaption><\/figure>\r\n<p>Anna-Lena &#8211; unsere Starterin bei den Sch\u00fclerinnen zur Deutschen Meisterschaft &#8211; belegte mit 189,9 Ringen den 94. Platz von ingesamt 166 Startern. Damit hat Sie sich bei Ihren ersten Meisterschaften in M\u00fcnchen beachtlich geschlagen und Lust f\u00fcrs n\u00e4chste Jahr geholt.<\/p>\r\n<hr \/>\r\n<p>31.08.2021<\/p>\r\n<figure id=\"attachment_306\" aria-describedby=\"caption-attachment-306\" style=\"width: 225px\" class=\"wp-caption alignnone\"><a href=\"https:\/\/sv-eichenbarleben.de\/?page_id=302\"><img loading=\"lazy\" decoding=\"async\" class=\"wp-image-306 size-medium\" src=\"http:\/\/sv-eichenbarleben.de\/wp-content\/uploads\/2021\/08\/image4-225x300.jpeg\" alt=\"\" width=\"225\" height=\"300\" srcset=\"https:\/\/sv-eichenbarleben.de\/wp-content\/uploads\/2021\/08\/image4-225x300.jpeg 225w, https:\/\/sv-eichenbarleben.de\/wp-content\/uploads\/2021\/08\/image4-768x1024.jpeg 768w, https:\/\/sv-eichenbarleben.de\/wp-content\/uploads\/2021\/08\/image4-1152x1536.jpeg 1152w, https:\/\/sv-eichenbarleben.de\/wp-content\/uploads\/2021\/08\/image4.jpeg 1200w\" sizes=\"auto, (max-width: 225px) 100vw, 225px\" \/><\/a><figcaption id=\"caption-attachment-306\" class=\"wp-caption-text\">Deutsche Meisterschaft 2021 &#8211; Luftgewehr Damen (c)sve<\/figcaption><\/figure>\r\n<p><strong>Wiederholungst\u00e4terin<\/strong>! Sie hat es wieder geschafft. Unsere amtierende Sch\u00fctzenk\u00f6nigin Marina Bliss ist nach 2006 und viel Training zum 2. Mal Deutsche Meisterin in M\u00fcnchen mit dem Luftgewehr stehend freih\u00e4ndig geworden. Wir gratulieren !<\/p>\r\n<hr \/>\r\n<p>23.06.2021 <a href=\"http:\/\/sv-eichenbarleben.de\/wp-content\/uploads\/2021\/06\/20210718-Plakat_Einladung-SF.pdf\" target=\"_blank\" rel=\"noopener\"><img loading=\"lazy\" decoding=\"async\" class=\"wp-image-299 aligncenter\" src=\"http:\/\/sv-eichenbarleben.de\/wp-content\/uploads\/2021\/06\/schuetzenfest_2021_Plakat-212x300.png\" alt=\"\" width=\"177\" height=\"250\" srcset=\"https:\/\/sv-eichenbarleben.de\/wp-content\/uploads\/2021\/06\/schuetzenfest_2021_Plakat-212x300.png 212w, https:\/\/sv-eichenbarleben.de\/wp-content\/uploads\/2021\/06\/schuetzenfest_2021_Plakat-723x1024.png 723w, https:\/\/sv-eichenbarleben.de\/wp-content\/uploads\/2021\/06\/schuetzenfest_2021_Plakat-768x1087.png 768w, https:\/\/sv-eichenbarleben.de\/wp-content\/uploads\/2021\/06\/schuetzenfest_2021_Plakat.png 989w\" sizes=\"auto, (max-width: 177px) 100vw, 177px\" \/><\/a><\/p>\r\n<p style=\"text-align: center;\">(c) sve<\/p>\r\n<p><strong>Endlich!<\/strong> In 2021 werden wir wieder ein <strong>Sch\u00fctzenfest<\/strong> veranstalten &#8211; angepasst an die derzeitige Situation. N\u00e4here Informationen zur Veranstaltung erhaltet Ihr hier:<\/p>\r\n<ul>\r\n<li><a href=\"http:\/\/sv-eichenbarleben.de\/wp-content\/uploads\/2021\/06\/20210622-AnschreibenWhatsApp.pdf\" target=\"_blank\" rel=\"noopener\">Mitteilung zum Sch\u00fctzenfest 2021<\/a><\/li>\r\n<li><a href=\"http:\/\/sv-eichenbarleben.de\/wp-content\/uploads\/2021\/06\/20210710-Ausschreibung-KS_Ausdruck.pdf\" target=\"_blank\" rel=\"noopener\">Informationen zum K\u00f6nigsschie\u00dfen 2021<\/a><\/li>\r\n<li><a href=\"http:\/\/sv-eichenbarleben.de\/wp-content\/uploads\/2021\/06\/20210718-Hygienekonzept.pdf\" target=\"_blank\" rel=\"noopener\">Hygienekonzept<\/a><\/li>\r\n<\/ul>\r\n<!-- \/wp:post-content -->\r\n\r\n<!-- wp:paragraph --><hr \/>\r\n<p>19.03.2021 \u00a0 \u00a0<\/p>\r\n<p style=\"text-align: center;\"><a href=\"https:\/\/www.dsb.de\/schiesssport\/news\/artikel\/news\/meisterschuetze-2021-duunddeinverein-die-ausschreibung-zur-qualifikation\"><img loading=\"lazy\" decoding=\"async\" class=\"wp-image-201 size-medium aligncenter\" src=\"http:\/\/sv-eichenbarleben.de\/wp-content\/uploads\/2021\/03\/csm_logo_meistersch\u00fctze_2021_941c8de215-300x169.jpg\" alt=\"\" width=\"300\" height=\"169\" srcset=\"https:\/\/sv-eichenbarleben.de\/wp-content\/uploads\/2021\/03\/csm_logo_meistersch\u00fctze_2021_941c8de215-300x169.jpg 300w, https:\/\/sv-eichenbarleben.de\/wp-content\/uploads\/2021\/03\/csm_logo_meistersch\u00fctze_2021_941c8de215-1024x576.jpg 1024w, https:\/\/sv-eichenbarleben.de\/wp-content\/uploads\/2021\/03\/csm_logo_meistersch\u00fctze_2021_941c8de215-768x432.jpg 768w, https:\/\/sv-eichenbarleben.de\/wp-content\/uploads\/2021\/03\/csm_logo_meistersch\u00fctze_2021_941c8de215.jpg 1280w\" sizes=\"auto, (max-width: 300px) 100vw, 300px\" \/><\/a> (c) www.dsb.de<\/p>\r\n<p style=\"text-align: left;\"><strong> Meistersch\u00fctze #DuUndDeinVerein<\/strong> startet erneut! Der Fernwettkampf findet auch in diesem Jahr statt. Die <a href=\"https:\/\/www.dsb.de\/schiesssport\/news\/artikel\/news\/meisterschuetze-2021-duunddeinverein-die-ausschreibung-zur-qualifikation\">Ausschreibung<\/a> findet Ihr auf der offiziellen Seite des deutschen Sch\u00fctzenbundes. Interessenten des Vereins bitte bei Marina Bliss melden.<\/p>","protected":false},"excerpt":{"rendered":"<p>24.11.2021 Gem\u00e4\u00df der aktuellen Lage gilt ab sofort auf dem gesamten Sch\u00fctzenplatz 2G. 24.11.2021 Am 04.12.2021 l\u00e4dt der Kreissch\u00fctzenverband zum traditionellen Barabaraschie\u00dfen. Unsere B\u00f6llersch\u00fctzen freuen sich \u00fcber viele Zuschauer. 07.10.2021 Neue Ausschreibungen zu den Vereinsmeisterschaften 2022 und dem Pokalschie\u00dfen 2021 findet Ihr ab sofort unter der Rubrik &#8222;Sport-&gt;Ausschreibungen&#8222;. 05.09.2021 Anna-Lena &#8211; unsere Starterin bei den &hellip; <\/p>\n<p class=\"link-more\"><a href=\"https:\/\/sv-eichenbarleben.de\/?page_id=499\" class=\"more-link\"><span class=\"screen-reader-text\">\u201e2021\u201c <\/span>weiterlesen<\/a><\/p>\n","protected":false},"author":4,"featured_media":0,"parent":0,"menu_order":0,"comment_status":"closed","ping_status":"closed","template":"","meta":{"footnotes":""},"class_list":["post-499","page","type-page","status-publish","hentry"],"_links":{"self":[{"href":"https:\/\/sv-eichenbarleben.de\/index.php?rest_route=\/wp\/v2\/pages\/499","targetHints":{"allow":["GET"]}}],"collection":[{"href":"https:\/\/sv-eichenbarleben.de\/index.php?rest_route=\/wp\/v2\/pages"}],"about":[{"href":"https:\/\/sv-eichenbarleben.de\/index.php?rest_route=\/wp\/v2\/types\/page"}],"author":[{"embeddable":true,"href":"https:\/\/sv-eichenbarleben.de\/index.php?rest_route=\/wp\/v2\/users\/4"}],"replies":[{"embeddable":true,"href":"https:\/\/sv-eichenbarleben.de\/index.php?rest_route=%2Fwp%2Fv2%2Fcomments&post=499"}],"version-history":[{"count":4,"href":"https:\/\/sv-eichenbarleben.de\/index.php?rest_route=\/wp\/v2\/pages\/499\/revisions"}],"predecessor-version":[{"id":510,"href":"https:\/\/sv-eichenbarleben.de\/index.php?rest_route=\/wp\/v2\/pages\/499\/revisions\/510"}],"wp:attachment":[{"href":"https:\/\/sv-eichenbarleben.de\/index.php?rest_route=%2Fwp%2Fv2%2Fmedia&parent=499"}],"curies":[{"name":"wp","href":"https:\/\/api.w.org\/{rel}","templated":true}]}}