{"id":401,"date":"2022-09-14T20:47:24","date_gmt":"2022-09-14T18:47:24","guid":{"rendered":"https:\/\/sv-eichenbarleben.de\/?page_id=401"},"modified":"2022-09-14T20:47:24","modified_gmt":"2022-09-14T18:47:24","slug":"ohrepokal-2022","status":"publish","type":"page","link":"https:\/\/sv-eichenbarleben.de\/?page_id=401","title":{"rendered":"Ohrepokal 2022"},"content":{"rendered":"<p>Unsere &#8222;Alte Herren Trainigsgruppe&#8220; hat heute den Ohrepokal geschossen. Neben guten Ergebnissen stand der Spa\u00df am Schie\u00dfen im Vordergrund. Sieger in der Disziplin Ordonnanzgewehr wurde Hans-Peter und in der Disziplin GK Pistole G\u00fcnter. Er sicherte sich damit auch den Gesamtsieg &#8211; wir gratulieren!<\/p>\n<p><img loading=\"lazy\" decoding=\"async\" class=\"alignnone size-large wp-image-403\" src=\"http:\/\/sv-eichenbarleben.de\/wp-content\/uploads\/2022\/09\/Ohrepokal-2022-4-1024x769.jpeg\" alt=\"\" width=\"525\" height=\"394\" srcset=\"https:\/\/sv-eichenbarleben.de\/wp-content\/uploads\/2022\/09\/Ohrepokal-2022-4-1024x769.jpeg 1024w, https:\/\/sv-eichenbarleben.de\/wp-content\/uploads\/2022\/09\/Ohrepokal-2022-4-300x225.jpeg 300w, https:\/\/sv-eichenbarleben.de\/wp-content\/uploads\/2022\/09\/Ohrepokal-2022-4-768x576.jpeg 768w, https:\/\/sv-eichenbarleben.de\/wp-content\/uploads\/2022\/09\/Ohrepokal-2022-4-1536x1153.jpeg 1536w, https:\/\/sv-eichenbarleben.de\/wp-content\/uploads\/2022\/09\/Ohrepokal-2022-4.jpeg 2048w\" sizes=\"auto, (max-width: 525px) 100vw, 525px\" \/> <img loading=\"lazy\" decoding=\"async\" class=\"alignnone size-large wp-image-410\" src=\"http:\/\/sv-eichenbarleben.de\/wp-content\/uploads\/2022\/09\/Ohrepokal-2022-3-577x1024.jpeg\" alt=\"\" width=\"525\" height=\"932\" srcset=\"https:\/\/sv-eichenbarleben.de\/wp-content\/uploads\/2022\/09\/Ohrepokal-2022-3-577x1024.jpeg 577w, https:\/\/sv-eichenbarleben.de\/wp-content\/uploads\/2022\/09\/Ohrepokal-2022-3-169x300.jpeg 169w, https:\/\/sv-eichenbarleben.de\/wp-content\/uploads\/2022\/09\/Ohrepokal-2022-3-768x1364.jpeg 768w, https:\/\/sv-eichenbarleben.de\/wp-content\/uploads\/2022\/09\/Ohrepokal-2022-3-865x1536.jpeg 865w, https:\/\/sv-eichenbarleben.de\/wp-content\/uploads\/2022\/09\/Ohrepokal-2022-3.jpeg 1126w\" sizes=\"auto, (max-width: 525px) 100vw, 525px\" \/> <img loading=\"lazy\" decoding=\"async\" class=\"alignnone size-large wp-image-409\" src=\"http:\/\/sv-eichenbarleben.de\/wp-content\/uploads\/2022\/09\/Ohrepokal-2022-2-1024x577.jpeg\" alt=\"\" width=\"525\" height=\"296\" srcset=\"https:\/\/sv-eichenbarleben.de\/wp-content\/uploads\/2022\/09\/Ohrepokal-2022-2-1024x577.jpeg 1024w, https:\/\/sv-eichenbarleben.de\/wp-content\/uploads\/2022\/09\/Ohrepokal-2022-2-300x169.jpeg 300w, https:\/\/sv-eichenbarleben.de\/wp-content\/uploads\/2022\/09\/Ohrepokal-2022-2-768x432.jpeg 768w, https:\/\/sv-eichenbarleben.de\/wp-content\/uploads\/2022\/09\/Ohrepokal-2022-2-1536x865.jpeg 1536w, https:\/\/sv-eichenbarleben.de\/wp-content\/uploads\/2022\/09\/Ohrepokal-2022-2.jpeg 2000w\" sizes=\"auto, (max-width: 525px) 100vw, 525px\" \/> <img loading=\"lazy\" decoding=\"async\" class=\"alignnone size-large wp-image-408\" src=\"http:\/\/sv-eichenbarleben.de\/wp-content\/uploads\/2022\/09\/Ohrepokal-2022-1-577x1024.jpeg\" alt=\"\" width=\"525\" height=\"932\" srcset=\"https:\/\/sv-eichenbarleben.de\/wp-content\/uploads\/2022\/09\/Ohrepokal-2022-1-577x1024.jpeg 577w, https:\/\/sv-eichenbarleben.de\/wp-content\/uploads\/2022\/09\/Ohrepokal-2022-1-169x300.jpeg 169w, https:\/\/sv-eichenbarleben.de\/wp-content\/uploads\/2022\/09\/Ohrepokal-2022-1-768x1364.jpeg 768w, https:\/\/sv-eichenbarleben.de\/wp-content\/uploads\/2022\/09\/Ohrepokal-2022-1-865x1536.jpeg 865w, https:\/\/sv-eichenbarleben.de\/wp-content\/uploads\/2022\/09\/Ohrepokal-2022-1.jpeg 1126w\" sizes=\"auto, (max-width: 525px) 100vw, 525px\" \/> <img loading=\"lazy\" decoding=\"async\" class=\"alignnone size-large wp-image-407\" src=\"http:\/\/sv-eichenbarleben.de\/wp-content\/uploads\/2022\/09\/Ohrepokal-2022-8-1024x577.jpeg\" alt=\"\" width=\"525\" height=\"296\" srcset=\"https:\/\/sv-eichenbarleben.de\/wp-content\/uploads\/2022\/09\/Ohrepokal-2022-8-1024x577.jpeg 1024w, https:\/\/sv-eichenbarleben.de\/wp-content\/uploads\/2022\/09\/Ohrepokal-2022-8-300x169.jpeg 300w, https:\/\/sv-eichenbarleben.de\/wp-content\/uploads\/2022\/09\/Ohrepokal-2022-8-768x432.jpeg 768w, https:\/\/sv-eichenbarleben.de\/wp-content\/uploads\/2022\/09\/Ohrepokal-2022-8-1536x865.jpeg 1536w, https:\/\/sv-eichenbarleben.de\/wp-content\/uploads\/2022\/09\/Ohrepokal-2022-8.jpeg 2000w\" sizes=\"auto, (max-width: 525px) 100vw, 525px\" \/> <img loading=\"lazy\" decoding=\"async\" class=\"alignnone size-large wp-image-406\" src=\"http:\/\/sv-eichenbarleben.de\/wp-content\/uploads\/2022\/09\/Ohrepokal-2022-7-1024x577.jpeg\" alt=\"\" width=\"525\" height=\"296\" srcset=\"https:\/\/sv-eichenbarleben.de\/wp-content\/uploads\/2022\/09\/Ohrepokal-2022-7-1024x577.jpeg 1024w, https:\/\/sv-eichenbarleben.de\/wp-content\/uploads\/2022\/09\/Ohrepokal-2022-7-300x169.jpeg 300w, https:\/\/sv-eichenbarleben.de\/wp-content\/uploads\/2022\/09\/Ohrepokal-2022-7-768x432.jpeg 768w, https:\/\/sv-eichenbarleben.de\/wp-content\/uploads\/2022\/09\/Ohrepokal-2022-7-1536x865.jpeg 1536w, https:\/\/sv-eichenbarleben.de\/wp-content\/uploads\/2022\/09\/Ohrepokal-2022-7.jpeg 2000w\" sizes=\"auto, (max-width: 525px) 100vw, 525px\" \/> <img loading=\"lazy\" decoding=\"async\" class=\"alignnone size-large wp-image-405\" src=\"http:\/\/sv-eichenbarleben.de\/wp-content\/uploads\/2022\/09\/Ohrepokal-2022-6-577x1024.jpeg\" alt=\"\" width=\"525\" height=\"932\" srcset=\"https:\/\/sv-eichenbarleben.de\/wp-content\/uploads\/2022\/09\/Ohrepokal-2022-6-577x1024.jpeg 577w, https:\/\/sv-eichenbarleben.de\/wp-content\/uploads\/2022\/09\/Ohrepokal-2022-6-169x300.jpeg 169w, https:\/\/sv-eichenbarleben.de\/wp-content\/uploads\/2022\/09\/Ohrepokal-2022-6-768x1364.jpeg 768w, https:\/\/sv-eichenbarleben.de\/wp-content\/uploads\/2022\/09\/Ohrepokal-2022-6-865x1536.jpeg 865w, https:\/\/sv-eichenbarleben.de\/wp-content\/uploads\/2022\/09\/Ohrepokal-2022-6.jpeg 1126w\" sizes=\"auto, (max-width: 525px) 100vw, 525px\" \/> <img loading=\"lazy\" decoding=\"async\" class=\"alignnone size-large wp-image-404\" src=\"http:\/\/sv-eichenbarleben.de\/wp-content\/uploads\/2022\/09\/Ohrepokal-2022-5-1024x577.jpeg\" alt=\"\" width=\"525\" height=\"296\" srcset=\"https:\/\/sv-eichenbarleben.de\/wp-content\/uploads\/2022\/09\/Ohrepokal-2022-5-1024x577.jpeg 1024w, https:\/\/sv-eichenbarleben.de\/wp-content\/uploads\/2022\/09\/Ohrepokal-2022-5-300x169.jpeg 300w, https:\/\/sv-eichenbarleben.de\/wp-content\/uploads\/2022\/09\/Ohrepokal-2022-5-768x432.jpeg 768w, https:\/\/sv-eichenbarleben.de\/wp-content\/uploads\/2022\/09\/Ohrepokal-2022-5-1536x865.jpeg 1536w, https:\/\/sv-eichenbarleben.de\/wp-content\/uploads\/2022\/09\/Ohrepokal-2022-5.jpeg 2000w\" sizes=\"auto, (max-width: 525px) 100vw, 525px\" \/><\/p>\n<p>&nbsp;<\/p>\n<p>&nbsp;<\/p>\n","protected":false},"excerpt":{"rendered":"<p>Unsere &#8222;Alte Herren Trainigsgruppe&#8220; hat heute den Ohrepokal geschossen. Neben guten Ergebnissen stand der Spa\u00df am Schie\u00dfen im Vordergrund. Sieger in der Disziplin Ordonnanzgewehr wurde Hans-Peter und in der Disziplin GK Pistole G\u00fcnter. Er sicherte sich damit auch den Gesamtsieg &#8211; wir gratulieren! &nbsp; &nbsp;<\/p>\n","protected":false},"author":1,"featured_media":0,"parent":215,"menu_order":0,"comment_status":"closed","ping_status":"closed","template":"","meta":{"footnotes":""},"class_list":["post-401","page","type-page","status-publish","hentry"],"_links":{"self":[{"href":"https:\/\/sv-eichenbarleben.de\/index.php?rest_route=\/wp\/v2\/pages\/401","targetHints":{"allow":["GET"]}}],"collection":[{"href":"https:\/\/sv-eichenbarleben.de\/index.php?rest_route=\/wp\/v2\/pages"}],"about":[{"href":"https:\/\/sv-eichenbarleben.de\/index.php?rest_route=\/wp\/v2\/types\/page"}],"author":[{"embeddable":true,"href":"https:\/\/sv-eichenbarleben.de\/index.php?rest_route=\/wp\/v2\/users\/1"}],"replies":[{"embeddable":true,"href":"https:\/\/sv-eichenbarleben.de\/index.php?rest_route=%2Fwp%2Fv2%2Fcomments&post=401"}],"version-history":[{"count":2,"href":"https:\/\/sv-eichenbarleben.de\/index.php?rest_route=\/wp\/v2\/pages\/401\/revisions"}],"predecessor-version":[{"id":411,"href":"https:\/\/sv-eichenbarleben.de\/index.php?rest_route=\/wp\/v2\/pages\/401\/revisions\/411"}],"up":[{"embeddable":true,"href":"https:\/\/sv-eichenbarleben.de\/index.php?rest_route=\/wp\/v2\/pages\/215"}],"wp:attachment":[{"href":"https:\/\/sv-eichenbarleben.de\/index.php?rest_route=%2Fwp%2Fv2%2Fmedia&parent=401"}],"curies":[{"name":"wp","href":"https:\/\/api.w.org\/{rel}","templated":true}]}}